5240296?
2, 3, 7, 11, 73, 433
List the prime factors of 161303526.
2, 3, 137, 149, 439
List the prime factors of 2236651476.
2, 3, 79, 337, 7001
What are the prime factors of 815146833?
3, 127, 2139493
What are the prime factors of 444339099?
3, 41, 1204171
What are the prime factors of 433919073?
3, 7, 1987, 10399
List the prime factors of 361922459.
10973, 32983
What are the prime factors of 115600044?
2, 3, 7, 1376191
What are the prime factors of 206457777?
3, 22939753
What are the prime factors of 23694812?
2, 1049, 5647
What are the prime factors of 1108954529?
1108954529
What are the prime factors of 1756826638?
2, 7, 83, 353, 4283
What are the prime factors of 553706765?
5, 47, 2356199
List the prime factors of 31430443.
11, 23, 124231
What are the prime factors of 277350787?
7, 39621541
List the prime factors of 210492105.
3, 5, 14032807
What are the prime factors of 776460810?
2, 3, 5, 239, 108293
What are the prime factors of 202709952?
2, 3, 39103
What are the prime factors of 3013839538?
2, 1506919769
List the prime factors of 2216434369.
139, 15945571
What are the prime factors of 950552147?
21937, 43331
What are the prime factors of 12864620?
2, 5, 643231
What are the prime factors of 100929470?
2, 5, 67, 97, 1553
What are the prime factors of 512766838?
2, 53, 4837423
What are the prime factors of 4570733816?
2, 11, 73, 711509
List the prime factors of 544379237.
544379237
List the prime factors of 2716891352.
2, 7, 37, 1311241
List the prime factors of 249988688.
2, 15624293
What are the prime factors of 56198439?
3, 11, 567661
What are the prime factors of 332846435?
5, 59, 1128293
What are the prime factors of 230144631?
3, 227, 331, 1021
List the prime factors of 304267870.
2, 5, 17, 127, 829
What are the prime factors of 28802596?
2, 31, 109, 2131
List the prime factors of 907987057.
10657, 85201
What are the prime factors of 47794722?
2, 3, 7965787
What are the prime factors of 4460030772?
2, 3, 53, 7012627
What are the prime factors of 3799749?
3, 1266583
What are the prime factors of 127179743?
9479, 13417
What are the prime factors of 253496706?
2, 3, 4877, 8663
List the prime factors of 389170529.
11, 35379139
List the prime factors of 3652332.
2, 3, 19, 83, 193
List the prime factors of 7727213.
13, 594401
What are the prime factors of 544889385?
3, 5, 41, 295333
List the prime factors of 2493048389.
13, 3049, 62897
What are the prime factors of 910092289?
67, 613, 22159
What are the prime factors of 1376395568?
2, 19, 757, 5981
What are the prime factors of 2227232080?
2, 5, 541, 51461
List the prime factors of 67290212.
2, 11, 31, 49333
List the prime factors of 119832251.
7, 11, 1556263
What are the prime factors of 18690148?
2, 19, 31, 7933
What are the prime factors of 332595948?
2, 3, 599, 46271
What are the prime factors of 727829232?
2, 3, 13, 1166393
List the prime factors of 122858423.
47, 563, 4643
What are the prime factors of 3518359026?
2, 3, 7, 13, 431, 14951
List the prime factors of 149446299.
3, 49815433
List the prime factors of 72524250.
2, 3, 5, 32233
List the prime factors of 19035643.
11, 31, 55823
List the prime factors of 143911222.
2, 7, 13, 17, 193, 241
What are the prime factors of 9925574?
2, 4962787
List the prime factors of 4389199268.
2, 71, 15454927
What are the prime factors of 114265789?
11, 17, 47, 13001
What are the prime factors of 3197370914?
2, 17, 431, 218191
What are the prime factors of 211229254?
2, 149, 708823
List the prime factors of 104306339.
17, 6135667
List the prime factors of 691629607.
173, 3997859
List the prime factors of 216227493.
3, 61, 393857
List the prime factors of 64749862.
2, 3511, 9221
What are the prime factors of 1712063264?
2, 53501977
List the prime factors of 165332709.
3, 18370301
List the prime factors of 43068075.
3, 5, 23, 24967
What are the prime factors of 9184080?
2, 3, 5, 17, 2251
List the prime factors of 5672697521.
257, 22072753
What are the prime factors of 146330074?
2, 11, 6651367
What are the prime factors of 1638775831?
7, 11, 21282803
List the prime factors of 6823479367.
19, 359130493
List the prime factors of 540226041.
3, 180075347
List the prime factors of 157527108.
2, 3, 653, 6701
List the prime factors of 45507839.
13, 1297, 2699
What are the prime factors of 122110709?
7, 1171, 14897
What are the prime factors of 365791839?
3, 7, 17, 23, 44549
What are the prime factors of 137688489?
3, 1093, 13997
What are the prime factors of 17770660?
2, 5, 888533
List the prime factors of 288006282.
2, 3, 17, 127, 7411
What are the prime factors of 1365390943?
7, 195055849
What are the prime factors of 173789524?
2, 151, 287731
List the prime factors of 135057655.
5, 27011531
What are the prime factors of 32803219?
491, 66809
What are the prime factors of 1143987497?
37, 30918581
List the prime factors of 4962357539.
907, 5471177
List the prime factors of 31685581.
103, 307627
What are the prime factors of 38032147?
173, 219839
What are the prime factors of 7850242926?
2, 3, 331, 439199
What are the prime factors of 164773471?
1303, 126457
What are the prime factors of 2076958?
2, 13, 17, 37, 127
What are the prime factors of 9562930?
2, 5, 13, 73561
List the prime factors of 124177399.
227, 547037
What are the prime factors of 495857395?
5, 11, 74509
List the prime factors of 1203904300.
2, 5, 17, 708179
What are the prime factors of 736918437?
3, 59, 4163381
What are the prime factors of 859067889?
3, 43, 6659441
List the prime factors of 2718782554.
2, 1359391277
What are the prime factors of 3190102950?
2, 3, 5, 29, 79, 9283
What are the prime factors of 1504734020?
2, 5, 29, 137, 653
What are the prime factors of 104486307?
3, 3181, 10949
What are the prime factors of 1812430536?
2, 3, 7, 61, 176857
What are the prime factors of 57409334?
2, 23, 31, 127, 317
List the prime factors of 85410953.
101, 845653
What are the prime factors of 1222438721?
7, 24947729
List the prime factors of 3670956774.
2, 3, 971, 2593
What are the prime factors of 22230672?
2, 3, 271, 1709
List the prime factors of 1159635796.
2, 11, 37, 59, 12073
What are the prime factors of 144057795?
3, 5, 7, 195997
What are the prime factors of 13211547?
3, 4403849
List the prime factors of 1266391349.
1266391349
List the prime factors of 44066553.
3, 14688851
List the prime factors of 1889262327.
3, 53, 79, 150407
What are the prime factors of 74200913?
74200913
What are the prime factors of 85245521?
23, 37, 109, 919
What are the prime factors of 131089427?
7, 61, 523, 587
List the prime factors of 22761858.
2, 3, 7, 23, 23563
List the prime factors of 130655250.
2, 3, 5, 11, 5279
What are the prime factors of 3655936542?
2, 3, 609322757
What are the prime factors of 489480829?
683, 716663
List the prime factors of 21680617.
7, 1303, 2377
What are the prime factors of 1110053850?
2, 3, 5, 151, 49009
What are the prime factors of 386907393?
3, 19, 6787849
What are the prime factors of 40088750?
2, 5, 13, 2467
What are the prime factors of 189527707?
31, 41, 3637
What are the prime factors of 348029199?
3, 7, 5524273
List the prime factors of 4172818.
2, 13, 19, 8447
What are the prime factors of 428354236?
2, 17, 127, 193, 257
What are the prime factors of 10927198?
2, 5463599
What are the prime factors of 514281657?
3, 171427219
List the prime factors of 14150219.
809, 17491
List the prime factors of 616083429.
3, 13, 31, 509581
What are the prime factors of 132709962?
2, 3, 7, 11, 287251
What are the prime factors of 34903535?
5, 23, 367, 827
List the prime factors of 240320364.
2, 3, 17, 1178041
List the prime factors of 1551789002.
2, 17, 45640853
What are the prime factors of 1414484073?
3, 52388299
List the prime factors of 34180969.
277, 123397
List the prime factors of 47858282.
2, 61, 392281
What are the prime factors of 623864584?
2, 7, 31, 59, 6091
List the prime factors of 2434165382.
2, 11, 110643881
What are the prime factors of 704375701?
704375701
List the prime factors of 4327998211.
719, 6019469
List the prime factors of 61253688.
2, 3, 71, 103, 349
What are the prime factors of 133804657?
7, 2549, 7499
What are the prime factors of 99709052?
2, 24927263
List the prime factors of 364214604.
2, 3, 13, 179593
List the prime factors of 13816213.